3 - t + 5 + 2 + 1. Calculate b(3).
-5
Let l(f) = -f**2 + 2. Let d(j) = 2 + 8*j - 7*j + 4. Let s be d(-6). Give l(s).
2
Let c(r) = -r + 5. Let d be c(6). Suppose 69 = -a + 4*a. Let j(o) = 1 - 2 - 15*o**2 + a*o**2 - 2*o. Determine j(d).
9
Let s(k) = -k**3 + 8*k**2 - 8*k + 8. Suppose 9 = -3*d, 4*d + 27 = 4*r - 13. Calculate s(r).
1
Let g = 2 + 3. Suppose 5*k = -r - 17, g*k - 4 = -4*r - 12. Let y(x) = -5*x**r + 2*x**3 - 6 + 2*x**3 - 5*x**2. Give y(-5).
-6
Let v(w) be the first derivative of -w**4/4 - w**2 + w - 3. Give v(1).
-2
Suppose 0 = -3*r - 5*k + 40, 2*k + 1 = -2*r + 21. Suppose 2*n - 2*s - r = n, 4*n - 8 = -4*s. Let c(f) = -3 - 2*f**2 + 2*f**2 + 3*f**2 - f**n + 3*f. Give c(3).
6
Let d be 168/78 + (-148)/(-52) + -3. Let z(q) be the first derivative of q**3/3 - q**2 + 2*q - 2. Determine z(d).
2
Let i(j) = -j + 1. Let k(f) = -2*f**3 - f**2 + 1. Let t be k(-1). Suppose 0 = c - 6*c + t*s - 4, 3*s - 6 = 0. Calculate i(c).
1
Let m be 38/3 + 3/9. Suppose m + 5 = z - 2*h, -4*z + 57 = -3*h. Suppose 0*s = -3*y - 2*s + 10, -5*y + z = s. Let j(c) = -c**2 + 4*c - 3. Give j(y).
1
Let n(f) = -f**3 - 6*f**2 - 5*f + 4. Suppose 0 = -2*a - 6 + 20. Suppose -h - 3*g - 6 = 0, 2*g = h + a*g + 16. Let m be -2 + (-6)/(h/3). Give n(m).
-8
Let s(v) = -v - 4. Let b be (-3)/9*-1*-21. What is s(b)?
3
Let n(t) = -3*t**2 + 6*t + 8. Let u(h) = -h**2 + 2*h + 3. Let o(z) = 4*n(z) - 11*u(z). Calculate o(4).
-9
Let h = 3 - 6. Suppose 2*k + 5*p = -21, 0 = -3*k - 2*k - 2*p. Let m(l) = 6*l**2 + 3*l**3 - 3*l**2 - l - k*l**3 + 3. Calculate m(h).
6
Let j(s) = -9*s - 9. Let u(c) = -5*c - 5. Let o(k) = 4*j(k) - 7*u(k). Calculate o(5).
-6
Let l(z) = 4*z**2 - z. Let c be -2 + (0 - -4) + 0. Let n = -3 + c. Give l(n).
5
Let k(p) = -p. Suppose -4*x + 5 + 15 = 0. Suppose 0 = x*q + 8 + 7. Calculate k(q).
3
Let j(q) = -q**3 + 2*q**2 + 2*q - 3. Let s be j(2). Let o(w) be the second derivative of 5*w**4/12 + 4*w. Determine o(s).
5
Suppose 3*t - v - v - 11 = 0, 4*t - 12 = 2*v. Let s(j) be the second derivative of 0*j**2 + j + 1/6*j**3 + 0. Give s(t).
1
Let z be -4 - ((-12)/(-3) + -2). Suppose 4*k = -k + 3*b + 11, -2*b - 4 = 0. Let j(p) = -k + 0*p + 10 + 2*p. Calculate j(z).
-3
Let l(d) = 7*d - 3. Let s(m) be the first derivative of 3*m**2/2 - m - 7. Let v be -3*(-2)/2 - -2. Let a(u) = v*s(u) - 2*l(u). What is a(3)?
4
Let n(m) = 7*m**2 + 4*m - 7. Let i = 9 - 3. Let o(u) be the second derivative of u**4/2 + u**3/2 - 3*u**2 + 2*u. Let f(q) = i*o(q) - 5*n(q). Calculate f(4).
7
Let b(m) = -3 - 5*m + 4 + 0. Let l = 34 + -31. Calculate b(l).
-14
Let z(n) = n - 1. Let y be z(6). Let s(d) = d**2 + 1. Let g be s(2). Let h(k) = 3*k + 3*k - y*k + g. Calculate h(5).
10
Suppose -90 = -3*w + 13*w. Let f(v) = -v**2 - 10*v - 2. Determine f(w).
7
Let h(t) = 6*t - 2*t + 0*t - 1. Let w = 61 - 63. Give h(w).
-9
Let n(y) = y**3 + 5*y**2 + 5*y - 2. Let m be (-2)/(-9) - (-86)/18. Let u be (-4)/(-3) - 4/(-6). Suppose 0 = -l + 4 - m, -22 = 5*o + u*l. What is n(o)?
-6
Let k be (15/(-6))/((-5)/2). Let y(t) = 9*t - 1. Determine y(k).
8
Let g(z) = -z**2 + 3 + z**2 - 3*z**2 + 6*z + 2*z**2. Give g(5).
8
Let w(s) = 2*s**2 + 2. Suppose 3*q + 2*x - 8 = -0*x, 3*x - 12 = -q. Suppose -2*k + 3*k + 2 = q. What is w(k)?
10
Let o(q) = q**3 - 4*q**2 + 1. Let y be ((-4)/(-26) - 72/(-39)) + 2. Give o(y).
1
Let x(g) = g - 3. Let b be x(0). Let r(v) = v + 0*v**2 - 2*v**2 - 3*v**3 - 1 + 2*v**3. Give r(b).
5
Let y(t) = -4*t**2 + 6. Let m(g) = -3*g**2 + g + 5. Let n(c) = -3*m(c) + 2*y(c). Suppose 0*u + 4 = u. Determine n(u).
1
Suppose n - 5 = 2. Let t(l) = -l**2 + 8*l - 2. Let z be t(n). Let s(r) = -2*r + 3. Determine s(z).
-7
Let t(c) = -2*c + 4. Suppose -4*q + 6 = -14. Let m = q + -1. Suppose -5*r + k + k = -25, 20 = 4*r + m*k. Give t(r).
-6
Let x be (-1 - (-1 - -3))*-1. Let q(z) = 2*z**3 + 2*z**2 + 2 - x*z**2 + 5*z**2 - 2*z**2 + 2*z. What is q(-2)?
-10
Let l(w) = -w**3 - 6*w**2 - 2*w + 8. Let c be -10 - ((-2 - 1) + -1). Determine l(c).
20
Let r(c) = c**2 - c - 6. Suppose 4*n - 4 = 0, -s - 3*n - 6 = -4*s. Let i = -3 + s. Determine r(i).
-6
Let y = -10 + 5. Let x = y + 6. Let m(b) be the third derivative of -b**5/60 + b**4/8 - b**3/6 + 2*b**2. Determine m(x).
1
Let m(i) be the third derivative of i**6/120 - i**5/20 + i**4/24 + 2*i**3/3 + 6*i**2. Give m(3).
7
Let g = 8 + -6. Let t(l) be the first derivative of -1/3*l**3 + 6*l + 2 + 0*l**g. Calculate t(0).
6
Let h(v) = v + 6. Let t be h(-5). Let r be t/(3/(0 - -3)). Let z be 3/((-2)/(r*-2)). Let u(i) = 3*i - 2. Determine u(z).
7
Let o = -24 + 29. Let i(z) = -13*z + o - 4 + 14*z. Give i(-1).
0
Let y be 208/56 - 2/(-7). Let h(t) = t - t + t - y. Calculate h(5).
1
Let g = 7 + -2. Let u(c) = 2 + 5*c + 1 + 2*c**2 + 0 - 3*c**2. Give u(g).
3
Suppose 0 = 5*x + 3*n - 2, 2*x - 3*n - 8 = -3*x. Let b(i) = 8*i - 1. Calculate b(x).
7
Let n(h) = -h**2 + 2*h - 1 - h - 4 + 7*h. Determine n(5).
10
Let a(u) be the first derivative of u**4/4 + 7*u**3/3 - 9*u**2/2 - 12*u + 6. Determine a(-8).
-4
Let j(f) = -f**3 - 2*f**2 + 1. Let s be (-13)/(-2) - (-4)/8. Suppose -1 + s = -3*h. Calculate j(h).
1
Let r(t) = t**3 - 2*t**2 - 3*t - 1. Let v(a) = a + 12. Let m(c) = -c**3 - 4*c**2 + 3*c + 3. Let d be m(-4). Let w be v(d). Give r(w).
-1
Let f(b) = -9*b**2 + 1. Let s be -2 - (3 + -2 + 0). Let k(q) = -q**2 - 4*q - 2. Let o be k(s). Determine f(o).
-8
Let t(y) = 4*y**2 - 1. Suppose 0 = -4*z + 3*z + 1, z - 4 = -f. Let x = -2 + f. Calculate t(x).
3
Let l(a) = -2*a + 22. Let u(i) = i - 11. Let b(o) = 6*l(o) + 11*u(o). Let q be b(9). Let c(z) = -z**2 + 4*z. Calculate c(q).
4
Suppose 0*y - y = 2*t + 2, -32 = -2*y + 5*t. Let q(a) = a - 1. Give q(y).
5
Let f(r) = -3*r + 3. Let v(i) = -3*i + 2. Let q(a) = -4*f(a) + 5*v(a). Calculate q(4).
-14
Let h(w) = w**3 - 5*w**2 + 4*w + 2. Let q = 11 - 7. Determine h(q).
2
Let q(a) = -3*a - 1. Let w(z) = 3*z**2 - z**2 + 1 + 0 - 3*z**2. Let g(t) = q(t) + w(t). Give g(-4).
-4
Suppose -x + 16 = -0*u + 4*u, -5*u = 4*x - 9. Let a = 1 - x. Let j(y) = y**2 - 3*y - 6. Calculate j(a).
4
Let f(a) = 7*a - 3 + 2 - 4 - 3 - a**2. Determine f(6).
-2
Let s(o) be the third derivative of o**6/120 - o**5/20 + 5*o**4/24 - 2*o**3/3 + 38*o**2 + o. What is s(3)?
11
Let y be -2 + -1 + 1 + 3. Let r(x) = -1 + 11 - y - x - 1. Calculate r(7).
1
Let i be 2*((-15)/6 + -3). Let u(c) = 0*c**3 - c**2 + 0*c**3 - c**3 - 6. Let f(r) = -5*r**3 - 5*r**2 - 29. Let h(v) = i*u(v) + 2*f(v). Determine h(0).
8
Let y(a) be the third derivative of -a**6/120 - 7*a**3/6 + 2*a**2. Give y(0).
-7
Let u(x) = 2*x + 11. Let t(q) = -q - 6. Let d be (14/35)/(2/(-30)). Let y(g) = d*u(g) - 11*t(g). Calculate y(-1).
1
Let l(x) = -11*x - 31. Let s be l(-3). Let k(z) be the second derivative of -1/6*z**3 + 1/20*z**5 + 0*z**4 + 0 + z + z**s. Calculate k(2).
8
Suppose -6*q + q = -25. Let z(w) = 50*w**2 - 101*w**2 + 7*w + 50*w**2 - 6. Determine z(q).
4
Suppose -f - 2 = -2*f. Let w(i) be the first derivative of 5/2*i**2 + 1 - 2*i. Determine w(f).
8
Suppose -12 = 5*d + 8. Let h = 13 + -2. Let z(k) = 4*k - h*k + 6*k. Give z(d).
4
Let g be ((-30)/9)/((-2)/3). Let f(t) = 2*t**2 + 3*t + 2. Let p be f(-2). Let k(v) = -p*v + 1 - 1 + g*v. Calculate k(-1).
-1
Let d(r) = r**2 + 4*r + 2. Suppose 2 = 4*k - 6. Let s = k - 2. Suppose -3*z + z - 6 = s. Give d(z).
-1
Let a be (3 - (5 - -1)) + -3. Let p be 16/a*(-6)/4. Let i(k) = k**3 - 4*k**2 + 2*k - 5. Determine i(p).
3
Let v(d) = -d**2 + d. Let j(z) = -z**3 - 2*z**2 + 5*z + 1. Let n be j(-4). Suppose 2*o + 11 - n = 0. Determine v(o).
0
Let u(i) = -8 - i - 2*i + i**2 + 2*i. Suppose 2*l - 5*g = -3 + 10, -3*l = 2*g - 20. Let b(x) = -1. Let r(f) = l*b(f) - u(f). Calculate r(-2).
-4
Let j be (-176)/(-30) - (-18)/135. Let d(b) = b**3 - 6*b**2 - 3*b + 1. What is d(j)?
-17
Let t(a) = a**2 + 4*a - 2. Let l be t(-4). Let s(r) = r**2 + 2*r - 1. Give s(l).
-1
Let t(g) = -g - 8. Let x(k) be the second derivative of k**5/20 - 2*k**4/3 + k**3 + k**2/2 - k. Let h be x(7). Calculate t(h).
-2
Let f(h) = -h**3 - 24*h**2 - 22*h + 23. Let z be f(-23). Let x(n) = -3*n + 6. Let j(a) = 16*a - 30. Let w(y) = -2*j(y) - 11*x(y). Determine w(z).
-6
Let q(n) = 12*n - 14. Let u(s) = -4*s + 5. Let p(b) = 6*q(b) + 17*u(b). Let r be p(1). Let f(o) = -o**2 + 5*o**2 - 3*o**2 - 2 - r*o. Calculate f(4).
-6
Let d(s) = s**2 + 7. Suppose 3*w = -2*w - w. Give